 -111. Let p = b - f. What is the units digit of p?
5
Suppose 3*x = 3*b - 0*x + 27, -5*x = -25. Let p(f) = -f - 5. Let z be p(b). What is the units digit of (2/4)/(z/(-2))?
1
What is the hundreds digit of (15 - -95) + 1 + 1?
1
Let n(q) = -145*q**3 + q**2. What is the tens digit of n(-1)?
4
Suppose -240 + 1041 = 3*p. What is the units digit of p?
7
Suppose 0*a = -3*a. What is the tens digit of (14 - -2) + -3 - a?
1
Suppose 8*d - 616 = d. What is the tens digit of d?
8
Let i(y) = y**2 + y**2 + 3 - 6 - 5*y. Let n be 5 + (6/3 - 3). What is the units digit of i(n)?
9
Let k be (-25)/(-15) + 1/3. Let h be (18 - k) + (-3 - -2). Let b = h + -9. What is the units digit of b?
6
Let b be -2 - -2 - (-56)/2. Suppose 5*v + 14 - 79 = 0. Let k = b - v. What is the tens digit of k?
1
Let n(b) = -5*b - 3*b**2 + 13*b**2 - 2*b**2 - 7*b**2 - 11. What is the tens digit of n(10)?
3
Suppose 3*y + y = 264. What is the units digit of y?
6
Suppose -4*c + 7 + 1 = 0. Let t = 12 - 9. Suppose t*n + c*n = 45. What is the units digit of n?
9
Let l(p) = p**3 + 3*p**2 - 5*p - 3. What is the units digit of l(-4)?
1
Suppose -3*c + 3 = -2*t - 3, -2*c + 4 = -2*t. Suppose -c*k - 4 = -100. What is the units digit of k?
8
Let y be ((-5)/2)/(1/(-2)). Let b(w) = w**2 + 5*w - 3. What is the tens digit of b(y)?
4
Let g = 3 - 3. Let z = 28 + -13. Suppose g*b - z = -5*b. What is the units digit of b?
3
Suppose 0 = -2*l + 14 + 58. What is the tens digit of l?
3
Suppose -g + 4 + 9 = 0. Suppose g*x = 11*x + 42. What is the units digit of x?
1
Let v = -47 + 338. What is the tens digit of v?
9
Let w = 115 - 61. What is the tens digit of w?
5
Let t be (-4)/10 + 4/10. Let u = 10 + t. What is the tens digit of u?
1
Let v(d) = -2*d - d**3 - 6*d + 6*d**2 + 3*d - 3 + 0. Suppose -2*g + 28 - 8 = 5*t, 4*g = 4*t - 16. What is the units digit of v(t)?
9
Let b be (-1 + 0)*(-4 - 2). Let x(u) = u**3 - 7*u**2 + 11*u + 3. What is the units digit of x(b)?
3
Let q be (15/(-3))/((-2)/(-2)). Let a be ((-4)/q)/(12/90). Suppose 0 = -k + a*k - 35. What is the units digit of k?
7
What is the units digit of (-2)/(-3) + (-850)/(-30)?
9
Suppose -8 = -2*l + 18. Let x = l - 3. What is the tens digit of x?
1
Let c(t) = -4*t - 22. Let f be c(-9). Suppose 0 = 2*l - 4*n - 14, -3*l - n = -5*l + f. What is the units digit of l?
7
Suppose 112 = h + 18. Suppose h = 5*u + 3*d, -2*d = 3*u - 0*u - 57. What is the tens digit of u?
1
Let m(v) = v**3 - 2*v + 1. Let w be m(-2). What is the units digit of (w + 10 + 0)/1?
7
Suppose 34 = 5*d + 3*j, -d - j = -8 + 2. What is the units digit of 6/d*(2 - -2)?
3
Let x be ((-14)/6)/(14/(-168)). What is the tens digit of x - ((2 - -3) + -2)?
2
Suppose 0 = -3*n + 4 + 5. Let s be -2 + n/3 + 5. Suppose o + 4*m = -m + 7, s*o - 28 = -5*m. What is the units digit of o?
7
Let p be -262 + ((-12)/(-3) - 2). Let m be p/(-36) - (-4)/(-18). Suppose -m = 5*w - 67. What is the tens digit of w?
1
Let y = 1 - -6. Suppose -4*t - y = -19. Suppose t*l - 17 = -2. What is the units digit of l?
5
Let j be -3*(-3)/9 + -23. Let d = -15 - j. What is the units digit of d?
7
What is the tens digit of (518/6)/1 + 3/(-9)?
8
Let v(u) = 3*u**3 - 2*u**2 + u. Let s be v(1). What is the tens digit of (-288)/(-11) - s/11?
2
Suppose -2*n + 3*m - 5 = 0, 5*n + 0*n + 26 = 3*m. Let z = 11 + n. Let f(p) = p**3 - 3*p**2 - p + 1. What is the tens digit of f(z)?
1
Let v(h) be the first derivative of 2 + 7/2*h**2 - 2*h - 1/3*h**3. What is the units digit of v(6)?
4
Let q(y) = -4*y**2 - 6*y + 4. Let d(h) = h**2. Let o(p) = -5*d(p) - q(p). Let b be o(6). What is the tens digit of (9/b)/(6/(-32))?
1
Let x = 5 + -3. Suppose x*y + 3*y = -70. Let b = -8 - y. What is the units digit of b?
6
Let m(s) = s + 4. Let r be 2/(0 + (-6)/(-15)). What is the units digit of m(r)?
9
Suppose 3*a = -0*a + 12. Suppose 4*t = 3*t - 5*l - 7, -36 = -3*t + a*l. Let j(f) = f + 7. What is the tens digit of j(t)?
1
Suppose 21*h - 17*h - 44 = 0. Let u(q) be the third derivative of q**4/12 - 8*q**3/3 - q**2. What is the units digit of u(h)?
6
Let z(b) = -4*b - 6. What is the tens digit of z(-6)?
1
Let k be (-3)/(0 + (-9)/12). Suppose n + 75 = k*n. What is the units digit of n?
5
Let f(b) = -2 + 1 - 2*b**2 + 5*b**2 - 2*b**2. Suppose 13 - 4 = -3*g. What is the units digit of f(g)?
8
Let w(z) = z**3 + 10*z**2 + 10*z + 3. Let l be w(-9). Let y = 10 + l. Let d(o) = -o**3 + 4*o**2 + 2*o - 1. What is the units digit of d(y)?
7
Suppose -3*m = -5*d - 29, 0*d - 3 = -5*m - 3*d. What is the units digit of (4 - (m + -4)) + 3?
8
Suppose 0 = 4*u + u - 25. Suppose 5*y + m - 15 = 8, 3*y = 3*m + 21. Suppose o - 4*v - 14 = 0, y*o - u*v - 55 = -0*o. What is the units digit of o?
0
Let q be (-50)/6*9/3. Let m = q - -42. What is the units digit of m?
7
What is the tens digit of ((-88)/(-55))/((-4)/(-10))*9?
3
Let i be 3/6 - 1/2. Suppose z = h + 2, -2*z = -h + 3*h - 12. Let y = i + h. What is the units digit of y?
2
Suppose -6 = -2*y, -2*y + y - 92 = -5*w. What is the tens digit of w?
1
Let q(p) be the first derivative of p**3/3 - 7*p**2/2 - 1. Let n be q(7). Suppose 3*w + 4*z = 37, 2*w - 4*z + n*z = -2. What is the units digit of w?
7
Let h = 839 - 564. What is the hundreds digit of h?
2
Suppose 3*w - 3*d + 21 = 0, 5*w - 5*d = -2*d - 25. Let f(y) = 3*y**2 - 2*y. What is the units digit of f(w)?
6
Let n(r) be the first derivative of r**3/3 - r**2/2 + 7*r + 3. Let b be n(0). Suppose -b = -3*d + 2. What is the units digit of d?
3
Suppose -4*b + 5*b + 1 = s, 10 = 5*s. Let a(m) = m**3 - 4*m**2 + 3. Let n be a(3). What is the units digit of 8/n*(-9)/b?
2
Let g = 8 - 6. What is the units digit of g/(-1)*(-9)/2?
9
Let c = 316 - 226. Let q be (10/25)/(1/c). Suppose -4*r = -48 - q. What is the tens digit of r?
2
Let y = -168 + 317. What is the units digit of y?
9
Let v = 8 + -4. Let z = v - 1. What is the units digit of z?
3
What is the units digit of 3/((-15)/(-35)) + -3?
4
Suppose 0 = 3*c - 5*d + 3*d - 71, -3*c + d = -67. Let v(k) = -17*k - 3. Let r be v(-2). Suppose -r = -4*q + c. What is the units digit of q?
3
Let p = -8 + 13. Suppose 4*v = p*v - 1. What is the units digit of v?
1
Let m be (2/(-5))/((-6)/150). Suppose -v - m = -40. Suppose -2*y + 4*b = -12, y + 4*y - 2*b = v. What is the units digit of y?
6
What is the units digit of 18/(-12) - (-129)/2*1?
3
Suppose 9*t = 9 + 63. What is the units digit of t?
8
Let q(v) = 3*v - 14. What is the units digit of q(7)?
7
Suppose 4*x - 2*m - 6 = 44, -3*x + 48 = 2*m. What is the units digit of (-3)/(-2) - (-77)/x?
7
Let k = 368 - 207. What is the tens digit of k?
6
Suppose -2*f + 2*x - 430 = -6*f, 2*f - 218 = -4*x. What is the units digit of f?
7
Let r = 81 - 20. What is the tens digit of r?
6
Let b(n) = n**2 + 3*n. What is the units digit of b(4)?
8
Suppose 5*a + 5*z = 10, -2*z = -a - 7*z - 10. Let n be 1 - 6/(2 - a). Suppose -4*c = 3*y - 19, -4*y + 1 = -4*c - n*y. What is the units digit of c?
1
Suppose -94 - 414 = -2*l. What is the tens digit of 10/(-25) + l/10?
2
Suppose -a - 2*i = -19 - 25, -2*a - 5*i + 90 = 0. What is the tens digit of a?
4
Suppose -5*j + 21 = 4*u, 3*u + 5*j + 0 - 17 = 0. What is the units digit of (18/(-4))/((-3)/u)?
6
Let y = -265 + 373. What is the units digit of y?
8
Suppose 119 = -3*x + 359. What is the tens digit of x?
8
Suppose 22 = 5*p - 48. Let h = 33 - p. What is the tens digit of h?
1
Let p(x) = -x**2 + 4*x + 1. Let n be p(4). Let i(t) = 2*t + n - 10*t**3 + 0*t + 0*t. What is the units digit of i(-1)?
9
Suppose 0 = 5*k + 1 - 11. Suppose -5*z + 2*z = -3*m + 48, -z + 44 = k*m. What is the units digit of m?
0
Let x be -1*3 + -1 + 14. What is the units digit of x/(-3)*3/(-2)?
5
Let t = 23 - 39. Let k = 27 + t. What is the tens digit of k?
1
Let f(r) = -9*r + 1. Let q(x) = -19*x + 3. Let c(j) = -9*f(j) + 4*q(j). Let z be c(-2). Let t = 0 - z. What is the units digit of t?
7
Let v(t) = t + 11. Let b be v(-6). Suppose 3*n - 1 = -z - 2*n, -b*z = 5*n - 25. What is the units digit of z?
6
Let l be (0 - 2)*(-4)/8. Let o = l + -3. What is the units digit of 79/9 + o/(-9)?
9
Suppose -3*q = -p - 149, -5*q + 2*p + 248 = -0*q. What is the units digit of q/6 + 20/30?
9
Let u(x) = 3*x**3 + 2*x - 1. Let h be u(1). Suppose h*a = 5*a - 22. What is the tens digit of a?
2
Suppose 0 = 5*u + 2*m + 17, m - 2 + 0 = u. Let b be 0/(u/1) - 12. What 